6?
4
Calculate the remainder when 104820 is divided by 14964.
72
Calculate the remainder when 80849 is divided by 1614.
149
Calculate the remainder when 4757398 is divided by 2314.
2128
Calculate the remainder when 7937528 is divided by 15.
8
What is the remainder when 11297836 is divided by 122?
26
Calculate the remainder when 25463992 is divided by 8487987.
31
Calculate the remainder when 3573442 is divided by 1913.
1871
Calculate the remainder when 17260 is divided by 5658.
286
Calculate the remainder when 2287025 is divided by 142938.
17
What is the remainder when 245218 is divided by 141?
19
Calculate the remainder when 1390813163 is divided by 7388.
7387
What is the remainder when 189104 is divided by 5096?
552
Calculate the remainder when 7497048 is divided by 937112.
152
Calculate the remainder when 584614 is divided by 1061.
3
What is the remainder when 69307 is divided by 2233?
84
What is the remainder when 1115623 is divided by 866?
215
Calculate the remainder when 113204 is divided by 56322.
560
What is the remainder when 8851513 is divided by 8644?
57
What is the remainder when 890883756 is divided by 8168?
8164
What is the remainder when 549394 is divided by 78461?
167
Calculate the remainder when 169852968 is divided by 803.
802
What is the remainder when 37384 is divided by 1216?
904
Calculate the remainder when 21080899 is divided by 94.
83
Calculate the remainder when 1490660 is divided by 28.
24
Calculate the remainder when 2145013 is divided by 493.
463
Calculate the remainder when 4936511 is divided by 145.
131
Calculate the remainder when 297860710 is divided by 2222841.
16
What is the remainder when 1733738 is divided by 69349?
13
Calculate the remainder when 68231986 is divided by 44.
42
Calculate the remainder when 1061475 is divided by 828.
807
What is the remainder when 381320 is divided by 190417?
486
Calculate the remainder when 1586129 is divided by 72095.
39
Calculate the remainder when 53051855 is divided by 2896.
31
What is the remainder when 11619794 is divided by 5809861?
72
What is the remainder when 426909 is divided by 106684?
173
What is the remainder when 21147132 is divided by 133?
132
Calculate the remainder when 7418 is divided by 696.
458
Calculate the remainder when 200041 is divided by 4077.
268
What is the remainder when 66095 is divided by 58151?
7944
Calculate the remainder when 181802 is divided by 60318.
848
What is the remainder when 229111 is divided by 50?
11
What is the remainder when 24118413 is divided by 2?
1
What is the remainder when 42804 is divided by 988?
320
What is the remainder when 3092752 is divided by 3092740?
12
Calculate the remainder when 14265011 is divided by 3140.
3131
Calculate the remainder when 2546750 is divided by 39.
11
Calculate the remainder when 312470 is divided by 26036.
38
Calculate the remainder when 1087755 is divided by 8176.
347
What is the remainder when 7543324 is divided by 222?
208
What is the remainder when 1166707 is divided by 1166110?
597
Calculate the remainder when 40808479 is divided by 32.
31
What is the remainder when 2883440 is divided by 3206?
1246
What is the remainder when 77629 is divided by 77553?
76
Calculate the remainder when 1958808 is divided by 10149.
51
Calculate the remainder when 5288249 is divided by 49.
22
Calculate the remainder when 1517921 is divided by 422.
409
Calculate the remainder when 7571865 is divided by 134.
61
Calculate the remainder when 132265 is divided by 12785.
4415
Calculate the remainder when 96702 is divided by 341.
199
Calculate the remainder when 1540290 is divided by 76.
74
Calculate the remainder when 159405 is divided by 13263.
249
Calculate the remainder when 169569284 is divided by 63.
59
What is the remainder when 32947 is divided by 164?
147
What is the remainder when 144727769 is divided by 1442?
1439
Calculate the remainder when 39210 is divided by 467.
449
Calculate the remainder when 2424668 is divided by 2361.
2282
Calculate the remainder when 20792690 is divided by 4591.
51
What is the remainder when 1004066 is divided by 22307?
251
What is the remainder when 106249 is divided by 1367?
990
Calculate the remainder when 139589 is divided by 1254.
395
What is the remainder when 81207 is divided by 671?
16
What is the remainder when 16207708 is divided by 840?
748
What is the remainder when 711137 is divided by 2520?
497
What is the remainder when 42302 is divided by 2205?
407
Calculate the remainder when 53022 is divided by 32.
30
Calculate the remainder when 10323 is divided by 3388.
159
Calculate the remainder when 3441364 is divided by 1312.
1300
What is the remainder when 13025 is divided by 369?
110
Calculate the remainder when 1739695 is divided by 11845.
10325
Calculate the remainder when 598667 is divided by 3069.
212
What is the remainder when 4161875 is divided by 520231?
27
What is the remainder when 285815 is divided by 72?
47
What is the remainder when 41316649 is divided by 49?
45
What is the remainder when 504612 is divided by 168169?
105
Calculate the remainder when 16073125 is divided by 545.
530
Calculate the remainder when 2692368 is divided by 657.
639
What is the remainder when 371701 is divided by 1014?
577
Calculate the remainder when 56174 is divided by 51.
23
What is the remainder when 114898 is divided by 2423?
1017
Calculate the remainder when 6323720 is divided by 4925.
20
Calculate the remainder when 25755629 is divided by 14.
11
What is the remainder when 88752 is divided by 404?
276
Calculate the remainder when 210800 is divided by 26206.
1152
What is the remainder when 3928364 is divided by 3421?
1056
Calculate the remainder when 487242 is divided by 81199.
48
What is the remainder when 1302262 is divided by 68511?
553
Calculate the remainder when 97135 is divided by 2941.
82
What is the remainder when 144733 is divided by 1834?
1681
What is the remainder when 1373829 is divided by 22831?
3969
Calculate the remainder when 4512688 is divided by 865.
848
What is the remainder when 1739469 is divided by 53?
9
What is the remainder when 728885 is divided by 3390?
35
What is the remainder when 19817 is divided by 8099?
3619
Calculate the remainder when 57774658 is divided by 11554929.
13
Calculate the remainder when 7366214 is divided by 188.
186
Calculate the remainder when 1937768 is divided by 3246.
3152
What is the remainder when 1307309 is divided by 79?
17
Calculate the remainder when 36943400 is divided by 49.
46
What is the remainder when 13173639 is divided by 13?
11
Calculate the remainder when 162192210 is divided by 172.
166
Calculate the remainder when 118615 is divided by 1063.
622
What is the remainder when 53499 is divided by 1584?
1227
Calculate the remainder when 5453004 is divided by 389481.
270
Calculate the remainder when 247144135 is divided by 47.
40
What is the remainder when 181309 is divided by 4526?
269
What is the remainder when 113320990 is divided by 1604?
1598
What is the remainder when 4971029 is divided by 15?
14
Calculate the remainder when 13271890 is divided by 277.
266
What is the remainder when 173040 is divided by 34568?
200
Calculate the remainder when 32636 is divided by 32368.
268
What is the remainder when 1113238677 is divided by 24?
21
What is the remainder when 54593 is divided by 1189?
1088
What is the remainder when 25726684 is divided by 52?
48
What is the remainder when 4741061 is divided by 45587?
13
Calculate the remainder when 1451318 is divided by 145127.
48
What is the remainder when 711172 is divided by 71112?
52
Calculate the remainder when 81857 is divided by 2147.
271
What is the remainder when 8971 is divided by 788?
303
Calculate the remainder when 19264566 is divided by 17.
13
Calculate the remainder when 4031629 is divided by 180.
169
What is the remainder when 47406810 is divided by 353782?
22
Calculate the remainder when 3791946 is divided by 24.
18
Calculate the remainder when 38702977 is divided by 7740580.
77
What is the remainder when 1029833 is divided by 608?
489
Calculate the remainder when 18476223 is divided by 393111.
6
What is the remainder when 183429 is divided by 978?
543
What is the remainder when 1575452 is divided by 1023?
32
Calculate the remainder when 19278064 is divided by 401